 composite number?
True
Let l(y) = 2*y**3 + 43*y**2 + 6*y - 262. Is l(29) prime?
False
Suppose 0*c = -5*g - c - 35, -5*g + 5*c - 65 = 0. Let j(p) = 287*p + 40. Let m be j(g). Is 5 - m/15 - 4/10 prime?
False
Let z = -3851 - -12111. Let o = 2019 + z. Is o prime?
False
Suppose 8*x - 73 = 359. Suppose -3*u - 72 = -x. Is 400 - (u/6)/((-1)/2) a composite number?
True
Let l = 194 - 315. Let p = -44 - l. Is p prime?
False
Let l(i) = 241*i**2 + 3*i. Let y be 14 + -20 + 1*4. Let j be l(y). Is 2/(-2 + 3)*j/4 a composite number?
False
Suppose 141*b = -16*b + 63474001. Is b a prime number?
False
Let p = 472 + -473. Is (-1 + -14)*(680/(-15) + p) a prime number?
False
Let q(t) = -t**3 + 7*t**2 + 2*t - 20. Let w be q(7). Is (w/90*5)/(1/(-74829)) composite?
False
Suppose -165130 = -3*u + 4*o - 61755, -u = 5*o - 34433. Is u prime?
False
Let g(w) = 2*w**2 + 7*w + 1. Let r be g(-4). Suppose r*m - 18*m + 897 = 0. Is m a prime number?
False
Let j be (1*-1)/(3609/603 + -6). Let u = j - 68. Is u*(-5)/((-20)/(-4748)) composite?
False
Let y = -55 - -61. Let t(w) = 33*w**2 - 32*w**2 - 22*w - y - 8. Is t(-17) prime?
False
Let n(p) = -5*p**2 - 4*p**2 + 1 + 29*p + 12*p**2. Is n(-22) prime?
False
Suppose -11*q = 909653 - 2506978 - 2772194. Is q composite?
True
Is 6*7/(-63) + ((-26640592)/(-24) - -3) a prime number?
False
Suppose -55*o = -69*o + 70. Is 1*(o/(-20))/(1/(-7892)) prime?
True
Let w(x) = 4*x - 32. Let d be w(12). Let p(s) = 7 + d*s**2 + 8*s**2 - 5*s**2 - 18. Is p(-4) a composite number?
False
Suppose 3*i + 15*j = 14*j + 201298, -3*j = 4*i - 268389. Is i composite?
True
Is 150*23/138*61942/10 a prime number?
False
Let l = 503362 + -39191. Is l a prime number?
True
Let q = 167274 + 5627. Is q a composite number?
True
Let p = 115 - 115. Let d(r) = r + 2437. Is d(p) prime?
True
Let r be (-5 - (-65)/10)*210/9. Suppose -3*d - 2*d = -2*c - r, c - 5 = 0. Suppose 575 = -4*p + d*p. Is p a prime number?
False
Suppose 31*f - 3*s - 243684 = 29*f, -2*s + 4 = 0. Is 6/(-9) + f/45 composite?
False
Suppose -z + 105927 = 2*d, 0 = 40*d - 45*d - z + 264810. Is d prime?
False
Suppose 3*c - 123213 = -3*u, -100940 = -2*u + c - 18780. Is u a composite number?
False
Suppose 6*r + 3583 - 13381 = 0. Suppose 4*z - r = -389. Is z composite?
False
Let o = 34 - 34. Suppose 2*h - 2 = 2. Suppose -4*z = -h*l - 386, 5*l - l + 20 = o. Is z a prime number?
False
Is (10/(-21) + (-9)/(-63))*-15 - -114212 a composite number?
False
Suppose 1746 = 27*h + 70*h. Let u(v) = -56 + 3*v**2 - 5*v + 14*v + 2*v. Is u(h) a composite number?
True
Let j(c) = -c - 7005. Let q(n) = -2*n - 10508. Let h be (-4 + (-30)/(-4))/(2/4). Let s(k) = h*j(k) - 5*q(k). Is s(0) a composite number?
True
Let t be ((-154)/(-4))/((-10)/(-20)). Is (-10*t)/((-1)/3) - 1 a composite number?
False
Let o(v) = 2*v**2 - 4*v. Let c be o(3). Suppose 0*t = t - 2, m - c = -3*t. Suppose 0 = -5*w - m*w + 110. Is w composite?
True
Suppose -49*j + 222*j - 634697 = -107220. Is j composite?
False
Suppose 5*w + 29428 = -3*q + 4*q, -5*q - 2*w + 147167 = 0. Suppose -3*y + q = 13*u - 14*u, y + u - 9811 = 0. Is y prime?
True
Let h(m) = 35*m**2 + 153*m - 541. Is h(48) a composite number?
False
Let h = -40058 - -72312. Is (5 - 7)*h/(-4) prime?
True
Let m(v) = -v**2 + 2*v + 4. Let r be m(0). Suppose 0 = -3*g + d + 16, -g + 3*d = -3*g - r. Suppose 2332 = 3*z - n, -2*z - n + 1550 = -g*n. Is z prime?
False
Suppose -2*v + 89591 + 122616 = -q, -q + 318308 = 3*v. Is v composite?
False
Let b be 0 - -1 - ((5 - 2) + -5). Let s be -73*1/(b/(-57)). Suppose 5*k - 5*u + 710 = 2445, 4*k - 3*u = s. Is k a prime number?
False
Let j = -492 - -493. Is 602316/42 + 3/21*j composite?
False
Let j = -20 + 24. Suppose 5*t + 710 = 5*c, 3*c - j*t = 492 - 65. Suppose -c = 2*m - 1127. Is m a composite number?
True
Let b = 9931 - 22780. Let s = -3322 - b. Is s prime?
False
Let x(b) = -b**2 + 6*b + 7. Let u be x(7). Suppose -3*c = c + 2*o - 12104, u = 5*o - 20. Suppose 721 + c = 5*g. Is g prime?
False
Let k = 18789 - -160990. Is k a prime number?
True
Let d = 160 + 425. Is (1 + 12)/(d/(-299) - -2) a composite number?
True
Suppose -5*j + h = -4187, 8*j + 3*h = 5*j + 2523. Suppose 0 = 9*l - 35 - j. Is l a prime number?
True
Let y(z) = 120 - 66 + 244*z**2 + 56 + 53*z + 107. Is y(-4) composite?
True
Let w = 21377 + 6132. Is w prime?
True
Suppose 63*k - 2694521 = -8*k. Is k a prime number?
True
Let g = 68440 + -23955. Suppose -4*t = 4*n - g - 7343, 2*n - 12961 = -t. Is t prime?
True
Let q(r) = -169*r - 9. Suppose -5*l + 113 + 12 = 0. Let j = 21 - l. Is q(j) prime?
False
Let a be -12 + 9 + 2054/2. Let x = a + 1134. Let m = -756 + x. Is m a composite number?
True
Let a(n) = -2*n**3 - 5*n**2 + 19*n + 11. Let t(f) = -2*f + 20. Let d be t(13). Is a(d) a composite number?
False
Suppose -4*g + k + 2*k = -179970, -3*g + 134971 = k. Let t = g + -29082. Is t a prime number?
False
Let p(i) be the first derivative of -i**4/4 + 5*i**3 + 21*i**2/2 + 14*i + 77. Let c = -5 - -21. Is p(c) composite?
True
Let s = -932 - -4243. Let u = 6178 - s. Is u composite?
True
Suppose 35 = -9*x + 14*x. Suppose 17 = 6*i - x. Suppose -i*l = -208 - 52. Is l a prime number?
False
Let h(c) = -c**2 + 4*c - 1. Let i be h(2). Suppose -4*z = 5*v - 989, -7*v + 3*v + 741 = i*z. Is z a prime number?
True
Suppose 17 = 3*n + 2. Suppose -3*m - 3*d + 27 = 2*m, -n*m + 35 = 5*d. Suppose 566 = 5*v - m*q - 2154, 546 = v - q. Is v prime?
True
Suppose 0 = -4*n + 3*y + 1959, 3*n - 2*y - 1468 = -y. Let h = n + -284. Suppose -2*k = -573 - h. Is k a prime number?
True
Let p = -6869 - -2294. Let f = -3166 - p. Is f composite?
False
Suppose 3*f + 2*n = -2*n + 545, 0 = -5*f + 3*n + 947. Suppose -300 = -d + f. Is d prime?
True
Let n(a) = 2*a - 5. Let z be n(5). Let d = -9 + z. Let k(t) = 22*t**2 - 7*t + 1. Is k(d) composite?
True
Suppose -22*a - 8974 = -26*a - 5*z, -z - 9010 = -4*a. Is a a prime number?
True
Let u be ((-78)/9)/(9/(-28863)). Suppose 8*s - u = 33926. Is s a prime number?
False
Let u(x) = 25*x - 61. Let p be u(-10). Let l = 562 + p. Is l prime?
True
Let p(x) be the third derivative of -127*x**4/8 - 3*x**3/2 - x**2. Let k be p(-6). Let i = -1358 + k. Is i a composite number?
False
Let a(x) = -1057*x - 303. Let u be a(-21). Let i = u + -12449. Is i prime?
False
Let c be (1/6)/(3/54). Suppose -2*a + 3*i + 21257 = 0, -17*i = c*a - 19*i - 31883. Is a prime?
True
Let m(g) be the third derivative of 61*g**6/45 + g**5/120 - 13*g**3/6 - 20*g**2. Let v(w) be the first derivative of m(w). Is v(1) a composite number?
True
Let x be 4 + 1 + (70537 - -38). Is 6/21 - x/(-28) a composite number?
False
Let i be -71498*((-9)/6 + (0 - -1)). Suppose -7*h - 23772 = i. Let n = h - -13050. Is n composite?
False
Let a be (-2)/(-4)*(46 + 2)/(-3). Is 8049 - (-8 + 40)/a composite?
False
Let m(g) = -g**3 - g**2 - 1. Let f(b) = -63*b**3 - 5*b**2 - 8*b + 1. Let n(o) = -f(o) + 2*m(o). Let l be n(5). Is (0 + -1)/((-3)/l) prime?
True
Suppose -17 = 2*h + 5*s, 4*s - 6 = -4*h + 2*s. Let o(q) = -680*q - 2. Let v be o(h). Is (-7 + 6)/(2/v) composite?
False
Is (-350)/4*7912/(-230) + -3 a prime number?
False
Suppose 0 = 4*u - k - 29, k + 27 = 3*u + 6. Suppose -u*f - 30 = -3*f. Let d(z) = -6*z**3 - 4*z**2 - 8*z + 5. Is d(f) prime?
False
Let q(w) = 118*w**2 - 61*w - 14. Let v(j) = -3*j**2 + j. Let b(s) = q(s) + 2*v(s). Is b(11) a composite number?
False
Let u(r) = -118*r - 16. Let j be u(-10). Suppose -4*m = -3964 + j. Let a = -443 + m. Is a prime?
True
Let c(z) = -z**2 + z - 1. Let i(g) = 7*g**2 - 8*g + 7. Let r(o) = -6*c(o) - i(o). Let x be r(1). Suppose x = 4*h - 67 - 457. Is h prime?
True
Let p(t) = 13722*t + 16. Let z be p(1). Suppose 19544 + z = 18*v. Is v composite?
True
Let h = -5445 + 3194. Let a = 3410 + h. Is a a composite number?
True
Let o = 690 - 688. Suppose -o*f + f = 3, f - 4006 = -p. Is p prime?
False
Suppose 4*y + 2855244 = 4*w, -57*y = 3*w - 53*y - 2141405. Is w composite?
False
Let i = 1 - 2. Let s be 4/12 - (82/(-6) - -7). Is (s/2 - -5)/(i/(-134)) a prime number?
False
Let j(p) = -377*p - 27. Let o(t) = 188*t + 13. Let q(b) = 3*j(b) + 5*o(b). Let k be q(-4). Suppose -5*u + u = -k. Is u a prime number?
False
Suppose -2*o + 2*h = -6*o + 1842, o + 2*h = 462. Let a be (-2)/10 - (-1528)/(-10). Let p = o + a. Is p a prime number?
True
Suppose 181*o + 851042 = 5488